 60567 and 117.
39
What is the highest common divisor of 342 and 72390?
114
What is the highest common divisor of 367 and 674546?
367
What is the highest common divisor of 420 and 9969960?
420
What is the greatest common divisor of 152 and 3716?
4
What is the highest common factor of 161 and 989?
23
What is the greatest common divisor of 27140 and 276?
92
Calculate the greatest common factor of 16 and 1796816.
16
Calculate the greatest common factor of 115750 and 125.
125
Calculate the highest common factor of 39101 and 488.
61
What is the greatest common factor of 728 and 862?
2
What is the highest common divisor of 327675 and 51?
51
What is the greatest common factor of 1648112 and 8?
8
What is the highest common factor of 203 and 59131?
29
Calculate the greatest common divisor of 6939 and 1285.
257
What is the greatest common factor of 33760 and 50?
10
Calculate the greatest common divisor of 34979 and 665.
133
What is the highest common divisor of 5268 and 664?
4
Calculate the highest common divisor of 352 and 9119.
11
Calculate the highest common factor of 478 and 1706221.
239
What is the greatest common divisor of 233472 and 1596?
228
Calculate the greatest common factor of 80 and 306490.
10
Calculate the highest common factor of 116564 and 966.
322
What is the greatest common factor of 96 and 33204?
12
Calculate the greatest common factor of 72 and 4256568.
72
Calculate the greatest common divisor of 80 and 4112.
16
Calculate the greatest common factor of 96 and 428448.
96
What is the highest common divisor of 10400 and 1625?
325
Calculate the highest common factor of 18352 and 11656.
248
What is the highest common factor of 3297 and 15857?
157
What is the highest common factor of 20608 and 581?
7
Calculate the greatest common divisor of 4664 and 1143263.
583
Calculate the highest common divisor of 12760 and 3168.
88
What is the greatest common divisor of 1624 and 133?
7
What is the highest common divisor of 682 and 38258?
22
What is the highest common factor of 28 and 69076?
28
What is the highest common factor of 30194 and 227429?
487
Calculate the greatest common factor of 37562 and 35.
7
What is the highest common factor of 322224 and 96?
48
What is the greatest common divisor of 7786 and 102?
34
What is the greatest common divisor of 5841 and 26609?
649
What is the greatest common factor of 1534 and 1593?
59
What is the highest common factor of 66 and 408441?
33
What is the highest common divisor of 1595 and 12705?
55
What is the highest common divisor of 1036 and 6691006?
518
What is the highest common factor of 2 and 1157316?
2
Calculate the greatest common divisor of 6601 and 1449.
161
What is the greatest common factor of 7014 and 20748?
42
Calculate the highest common divisor of 1157986 and 188.
94
Calculate the highest common divisor of 637 and 2561.
13
What is the highest common factor of 751037 and 7?
7
Calculate the greatest common divisor of 732 and 50996.
244
Calculate the highest common divisor of 1155 and 690.
15
What is the highest common factor of 76 and 454651?
19
What is the highest common factor of 242076 and 12?
12
What is the highest common divisor of 352 and 3608?
88
What is the greatest common divisor of 16962 and 110?
22
Calculate the greatest common factor of 18 and 446193.
9
What is the highest common divisor of 935 and 556665?
85
What is the greatest common divisor of 39270 and 70?
70
Calculate the greatest common factor of 135778 and 116.
58
What is the greatest common divisor of 9050 and 75?
25
Calculate the highest common factor of 17180 and 50.
10
Calculate the highest common divisor of 10622953 and 11.
11
Calculate the highest common divisor of 7605314 and 206.
206
Calculate the greatest common factor of 18567 and 11547.
9
Calculate the highest common divisor of 30 and 1165095.
15
Calculate the greatest common factor of 352 and 27038.
22
What is the greatest common divisor of 448 and 455?
7
Calculate the greatest common divisor of 1601539 and 1195.
239
What is the highest common factor of 678 and 1360746?
678
What is the greatest common factor of 2403 and 3699?
27
What is the highest common factor of 171865 and 74?
37
Calculate the highest common divisor of 88146 and 14337.
531
What is the highest common factor of 114795 and 315?
45
What is the greatest common divisor of 1745838 and 6624?
414
Calculate the greatest common divisor of 1876 and 5698.
14
What is the greatest common divisor of 966 and 131238?
138
What is the highest common divisor of 81368 and 42?
14
Calculate the greatest common factor of 1208 and 744.
8
What is the greatest common factor of 20 and 4306?
2
Calculate the highest common divisor of 93673 and 1981.
283
What is the greatest common divisor of 39760 and 27406?
142
Calculate the highest common factor of 408 and 22185.
51
Calculate the highest common divisor of 1525194 and 44.
22
What is the highest common divisor of 7232 and 64071?
113
Calculate the highest common factor of 4056 and 1176.
24
Calculate the greatest common divisor of 4565115 and 2290.
1145
Calculate the greatest common factor of 91205 and 3944.
493
What is the highest common divisor of 76517 and 7?
7
What is the highest common divisor of 7909 and 20779?
11
Calculate the greatest common divisor of 3 and 208688.
1
What is the highest common factor of 8 and 34756?
4
Calculate the highest common divisor of 369 and 1107.
369
What is the highest common divisor of 23243 and 99?
11
What is the greatest common factor of 56 and 3160?
8
What is the highest common divisor of 186835 and 1161?
43
What is the greatest common divisor of 145929 and 21?
21
Calculate the greatest common factor of 209 and 448129.
11
What is the highest common divisor of 450 and 95400?
450
What is the greatest common factor of 2893 and 9713?
11
What is the greatest common divisor of 193536 and 4725?
189
What is the highest common factor of 14 and 3438386?
14
What is the greatest common factor of 30 and 15970?
10
Calculate the highest common factor of 93 and 16771.
31
What is the greatest common factor of 76902 and 84?
42
Calculate the greatest common factor of 1502 and 4505249.
751
What is the greatest common factor of 18 and 9751014?
18
What is the highest common divisor of 21733 and 633?
211
Calculate the highest common factor of 9592 and 11528.
88
Calculate the highest common divisor of 63 and 6909.
21
Calculate the highest common factor of 306852 and 112.
28
What is the highest common factor of 18252 and 396?
36
Calculate the greatest common factor of 138 and 29486.
46
What is the greatest common factor of 42 and 11892?
6
Calculate the highest common divisor of 331410 and 30.
30
Calculate the highest common factor of 621 and 46966.
23
Calculate the greatest common factor of 31170 and 1155.
15
What is the highest common factor of 3080 and 165080?
40
Calculate the greatest common divisor of 321 and 34512.
3
Calculate the highest common factor of 235872 and 3584.
224
Calculate the highest common divisor of 47658 and 564.
282
What is the greatest common divisor of 284611 and 217?
31
Calculate the greatest common divisor of 588 and 777.
21
What is the highest common factor of 44972 and 12?
4
Calculate the greatest common factor of 1159 and 361.
19
What is the greatest common divisor of 605 and 25165?
5
What is the highest common divisor of 49 and 104909?
49
What is the highest common factor of 34817 and 259?
37
What is the highest common factor of 927 and 96614?
103
What is the highest common divisor of 610834 and 168?
14
Calculate the highest common divisor of 184646 and 209.
11
What is the highest common factor of 3913 and 12943?
301
Calculate the greatest common factor of 9785 and 665.
95
What is the highest common divisor of 84 and 227325?
21
What is the highest common divisor of 693 and 3157?
77
What is the greatest common factor of 910 and 45370?
130
What is the highest common divisor of 26 and 7589088?
26
Calculate the greatest common factor of 2871 and 8091.
261
Calculate the highest common divisor of 521234 and 62.
62
Calculate the highest common divisor of 8288 and 109298.
518
What is the greatest common divisor of 6628 and 28?
4
Calculate the highest common factor of 836 and 497629.
209
What is the greatest common factor of 7 and 11891?
